{"id":261,"date":"2025-01-07T19:23:45","date_gmt":"2025-01-07T19:23:45","guid":{"rendered":"https:\/\/neu.kristiana.de\/?page_id=261"},"modified":"2025-01-07T20:44:32","modified_gmt":"2025-01-07T20:44:32","slug":"impressum","status":"publish","type":"page","link":"https:\/\/neu.kristiana.de\/?page_id=261","title":{"rendered":"IMPRESSUM"},"content":{"rendered":"\n<div class=\"page-wrapper\"><main class=\"main-wrapper\">\n<section class=\"section-imprint\">\n<div class=\"page-padding\">\n<div class=\"container-medium\">\n<div class=\"padding-vertical padding-huge\">\n<div class=\"container-medium\">\n<div class=\"padding-top padding-xhuge\">\n<div class=\"text-rich-text w-richtext\">\n<p><strong>Angaben gem\u00e4\u00df \u00a7 5 TMG<\/strong><\/p>\n<p>Kristiana Schill<br>Reiterstr. 28<br>79100 Freiburg<\/p>\n<p>\u200d<strong>Kontakt<\/strong><\/p>\n<p>info@kristiana.de<br>0049 761 4766373<\/p>\n<p><strong>Verantwortlich f\u00fcr den Inhalt nach \u00a7 55 Abs. 2 RStV<\/strong><\/p>\n<p>Kristiana Schill<br>Reiterstr. 28<br>79100 Freiburg<br>Deutschland<\/p>\n<div class=\"group\/conversation-turn relative flex w-full min-w-0 flex-col agent-turn\">\n<div class=\"flex-col gap-1 md:gap-3\">\n<div class=\"flex max-w-full flex-col flex-grow\">\n<div class=\"min-h-8 text-message flex w-full flex-col items-end gap-2 whitespace-normal break-words text-start [.text-message+&amp;]:mt-5\" dir=\"auto\" data-message-author-role=\"assistant\" data-message-id=\"565d3448-90eb-44b9-84fe-8cfb3ab08d46\" data-message-model-slug=\"gpt-4o\">\n<div class=\"flex w-full flex-col gap-1 empty:hidden first:pt-[3px]\">\n<div class=\"markdown prose w-full break-words dark:prose-invert light\">\n<p><strong>Hinweis zur Haftung<\/strong><\/p>\n<p>Trotz sorgf\u00e4ltiger inhaltlicher Kontrolle \u00fcbernehme ich keine Haftung f\u00fcr die Inhalte externer Links. F\u00fcr den Inhalt der verlinkten Seiten sind ausschlie\u00dflich deren Betreiber verantwortlich.<\/p>\n<\/div>\n<\/div>\n<\/div>\n<\/div>\n<\/div>\n<\/div>\n<p><strong>Datenschutz<\/strong><\/p>\n<p>Ich nehme den Schutz Ihrer pers\u00f6nlichen Daten sehr ernst. Personenbezogene Daten werden vertraulich und entsprechend der gesetzlichen Datenschutzvorschriften behandelt. Weitere Informationen finden Sie&nbsp; hier weiter unter Datenschutzerkl\u00e4rung.&nbsp;<\/p>\n<\/div>\n<\/div>\n<\/div>\n<\/div>\n<\/div>\n<\/div>\n<\/section>\n<\/main><\/div>\n<section class=\"section-footer\">\n<div class=\"page-padding\">\n<div class=\"padding-top padding-huge\">\n<div class=\"container-medium\">\n<div class=\"padding-bottom padding-medium\">\n<div class=\"footer-top-row\">\n<div class=\"footer-column-half-top-row\">\n<div>&nbsp;<\/div>\n<div>&nbsp;<\/div>\n<\/div>\n<\/div>\n<div><b>DATENSCHUTZERKL\u00c4RUNG<\/b><\/div>\n<div><strong>&nbsp;<\/strong><\/div>\n<div>\n<div class=\"elementor-element elementor-element-f9561d3 elementor-widget elementor-widget-text-editor\" data-id=\"f9561d3\" data-element_type=\"widget\" data-widget_type=\"text-editor.default\">\n<p><strong>1. Verantwortliche Person<\/strong><\/p>\n<p>Verantwortlich f\u00fcr die Verarbeitung Ihrer personenbezogenen Daten auf dieser Webseite ist:<\/p>\n<p>Kristiana Schill<br>Reiterstr. 28<br>79100 Freiburg<\/p>\n<p>\u200d<strong>Kontakt<\/strong><\/p>\n<p>info@kristiana.de<br>0049 761 4766373<\/p>\n<p><strong>2. Hosting und Server-Logfiles<\/strong><\/p>\n<p>Diese Webseite wird bei <strong>IONOS SE<\/strong> gehostet. Beim Besuch der Webseite erfasst IONOS automatisch sogenannte <strong>Server-Logfiles<\/strong>, die Informationen wie:<\/p>\n<ul>\n<li>Datum und Uhrzeit des Zugriffs<\/li>\n<li>Verwendetes Betriebssystem<\/li>\n<li>Browsertyp und -version<\/li>\n<li>Referrer-URL<\/li>\n<li>IP-Adresse<\/li>\n<\/ul>\n<p>Die Verarbeitung dieser Daten erfolgt zur <strong>Sicherstellung eines reibungslosen Betriebs<\/strong> der Webseite sowie zur <strong>Abwehr von Cyberangriffen<\/strong>. Rechtsgrundlage hierf\u00fcr ist <strong>Art. 6 Abs. 1 lit. f DSGVO<\/strong> (berechtigtes Interesse).<\/p>\n<p>Mehr Informationen finden Sie in der Datenschutzerkl\u00e4rung von IONOS:<br>https:\/\/www.ionos.de\/terms-gtc\/terms-privacy\/<\/p>\n<p><strong>3. Cookies<\/strong><\/p>\n<p>Diese Webseite verwendet <strong>technisch notwendige Cookies<\/strong>, um grundlegende Funktionen der Webseite sicherzustellen. Diese Cookies speichern keine personenbezogenen Daten und sind zur Nutzung der Webseite erforderlich.<\/p>\n<p>Falls zuk\u00fcnftig <strong>optionale Cookies<\/strong> (z. B. f\u00fcr Analyse- oder Marketingzwecke) verwendet werden, wird ein <strong>Cookie-Banner mit Einwilligungsoption<\/strong> integriert.<\/p>\n<p><strong>Rechtsgrundlage f\u00fcr die Verarbeitung von Cookies<\/strong><\/p>\n<ul>\n<li><strong>Technisch notwendige Cookies:<\/strong> Art. 6 Abs. 1 lit. f DSGVO (berechtigtes Interesse)<\/li>\n<li><strong>Optionale Cookies:<\/strong> Art. 6 Abs. 1 lit. a DSGVO (Einwilligung)<\/li>\n<\/ul>\n<p><strong>4. Kontaktformular<\/strong><\/p>\n<p>Wenn Sie \u00fcber das <strong>Kontaktformular<\/strong> auf meiner Webseite eine Anfrage senden, werden die von Ihnen eingegebenen Daten (z. B. Name, E-Mail-Adresse, Nachricht) ausschlie\u00dflich zum Zweck der <strong>Bearbeitung Ihrer Anfrage<\/strong> verarbeitet.<\/p>\n<p><strong>Rechtsgrundlage f\u00fcr die Verarbeitung \u00fcber das Kontaktformular<\/strong><\/p>\n<ul>\n<li>Art. 6 Abs. 1 lit. b DSGVO (Verarbeitung zur Erf\u00fcllung eines Vertrags oder vorvertraglicher Ma\u00dfnahmen)<\/li>\n<\/ul>\n<p>Die Daten werden <strong>nicht an Dritte weitergegeben<\/strong> und nach Abschluss der Anfrage gel\u00f6scht, es sei denn, es bestehen gesetzliche Aufbewahrungspflichten.<\/p>\n<p><strong>5. Rechte der betroffenen Personen<\/strong><\/p>\n<p>Sie haben folgende Rechte hinsichtlich Ihrer personenbezogenen Daten:<\/p>\n<ul>\n<li><strong>Auskunft<\/strong> \u00fcber die verarbeiteten Daten (Art. 15 DSGVO)<\/li>\n<li><strong>Berichtigung<\/strong> unrichtiger Daten (Art. 16 DSGVO)<\/li>\n<li><strong>L\u00f6schung<\/strong> Ihrer Daten (Art. 17 DSGVO)<\/li>\n<li><strong>Einschr\u00e4nkung der Verarbeitung<\/strong> (Art. 18 DSGVO)<\/li>\n<li><strong>Daten\u00fcbertragbarkeit<\/strong> (Art. 20 DSGVO)<\/li>\n<li><strong>Widerspruch<\/strong> gegen die Verarbeitung (Art. 21 DSGVO)<\/li>\n<\/ul>\n<p>Zur Wahrnehmung dieser Rechte wenden Sie sich bitte an mich unter den angegebenen Kontaktdaten.<\/p>\n<p><strong>6. SSL- bzw. TLS-Verschl\u00fcsselung<\/strong><\/p>\n<p>Diese Webseite nutzt <strong>SSL- bzw. TLS-Verschl\u00fcsselung<\/strong>, um Ihre Daten bei der \u00dcbertragung zu sch\u00fctzen. Eine verschl\u00fcsselte Verbindung erkennen Sie an dem <strong>&#8222;https:\/\/&#8220;<\/strong> in der Adresszeile des Browsers sowie dem <strong>Schloss-Symbol<\/strong>.<\/p>\n<p><strong>7. \u00c4nderungen dieser Datenschutzerkl\u00e4rung<\/strong><\/p>\n<p>Ich behalte mir vor, diese Datenschutzerkl\u00e4rung jederzeit anzupassen, um den rechtlichen Anforderungen zu entsprechen oder \u00c4nderungen meiner Dienstleistungen umzusetzen.<\/p>\n<\/div>\n<\/div>\n<\/div>\n<\/div>\n<\/div>\n<\/div>\n<\/section>\n","protected":false},"excerpt":{"rendered":"<p>Angaben gem\u00e4\u00df \u00a7 5 TMG Kristiana SchillReiterstr. 2879100 Freiburg \u200dKontakt info@kristiana.de0049 761 4766373 Verantwortlich f\u00fcr den Inhalt nach \u00a7 55 Abs. 2 RStV Kristiana SchillReiterstr. 2879100 FreiburgDeutschland Hinweis zur Haftung Trotz sorgf\u00e4ltiger inhaltlicher Kontrolle \u00fcbernehme ich keine Haftung f\u00fcr die Inhalte externer Links. F\u00fcr den Inhalt der verlinkten Seiten sind ausschlie\u00dflich deren Betreiber verantwortlich. Datenschutz &hellip; <\/p>\n<p class=\"link-more\"><a href=\"https:\/\/neu.kristiana.de\/?page_id=261\" class=\"more-link\"><span class=\"screen-reader-text\">\u201eIMPRESSUM\u201c <\/span>weiterlesen<\/a><\/p>\n","protected":false},"author":1,"featured_media":0,"parent":0,"menu_order":0,"comment_status":"closed","ping_status":"closed","template":"","meta":{"ngg_post_thumbnail":0,"footnotes":""},"class_list":["post-261","page","type-page","status-publish","hentry"],"_links":{"self":[{"href":"https:\/\/neu.kristiana.de\/index.php?rest_route=\/wp\/v2\/pages\/261","targetHints":{"allow":["GET"]}}],"collection":[{"href":"https:\/\/neu.kristiana.de\/index.php?rest_route=\/wp\/v2\/pages"}],"about":[{"href":"https:\/\/neu.kristiana.de\/index.php?rest_route=\/wp\/v2\/types\/page"}],"author":[{"embeddable":true,"href":"https:\/\/neu.kristiana.de\/index.php?rest_route=\/wp\/v2\/users\/1"}],"replies":[{"embeddable":true,"href":"https:\/\/neu.kristiana.de\/index.php?rest_route=%2Fwp%2Fv2%2Fcomments&post=261"}],"version-history":[{"count":6,"href":"https:\/\/neu.kristiana.de\/index.php?rest_route=\/wp\/v2\/pages\/261\/revisions"}],"predecessor-version":[{"id":279,"href":"https:\/\/neu.kristiana.de\/index.php?rest_route=\/wp\/v2\/pages\/261\/revisions\/279"}],"wp:attachment":[{"href":"https:\/\/neu.kristiana.de\/index.php?rest_route=%2Fwp%2Fv2%2Fmedia&parent=261"}],"curies":[{"name":"wp","href":"https:\/\/api.w.org\/{rel}","templated":true}]}}